 n(j). What is the units digit of v(1)?
4
Suppose 3*x + 2*r - 20 = 1, 2*r = 4*x - 14. Suppose -7 = -x*u + 3. Suppose t = u*t - 18. What is the tens digit of t?
1
Let i = 589 - 318. What is the units digit of i?
1
Let h(t) = 5*t**2 + 3*t + 1. Let m be h(-2). Suppose m*a - 12*a - 21 = 0. What is the units digit of a?
7
Let g = 4 + 9. Let t = 19 - g. What is the units digit of 169/t + (-4)/24?
8
Let h = -5 - -259. Suppose 7*w = 9*w - h. What is the tens digit of w?
2
Let p(b) = -b - 12. Let j be p(-11). What is the tens digit of 153*(2 + (1 - (-2)/j))?
5
Suppose -2*q - 12 = -4. Let f be 37/6 + q/24. Suppose -2*y - f = -18. What is the units digit of y?
6
Let x(b) = 7*b**2 - b - 16. Let p(y) = -6*y**2 + 17. Let d(g) = -6*p(g) - 5*x(g). What is the tens digit of d(-10)?
2
Let z(l) = 51*l + 31. Let t be z(-7). Let r = t + 548. What is the hundreds digit of r?
2
What is the tens digit of -1*(44385/(-45) - (-4)/(-6))?
8
Let x be 76/(-12) + (-6)/(-18). Let t(m) be the third derivative of -11*m**4/24 + 2*m**3 - 2*m**2. What is the units digit of t(x)?
8
Let g be (760/50)/((-1)/(-5)). Let m be (6 + (-752)/12)*(-6)/5. Suppose -4*d + g = -m. What is the tens digit of d?
3
Suppose 5*m + 15 = 8*m. Let u(v) = -v**3 + 9*v**2 - 2*v + 1. What is the units digit of u(m)?
1
Let m(q) = 143*q + 52. What is the hundreds digit of m(5)?
7
Let s(u) = 15 + 3 + 2*u + 0*u. Suppose -4*a = 5*v - 42, 2*v + 3 = 3*a - 17. What is the tens digit of s(a)?
3
Suppose 5*t - 470 = -0*t. Suppose -30*k = -29*k - t. What is the tens digit of k?
9
Let n = -91 - -52. Let k = n + 186. What is the hundreds digit of k?
1
Let u(w) = w**2 - 4*w + 3. Let d be u(5). Suppose 3*s = d + 22. Suppose 4*j = 6*j - s. What is the units digit of j?
5
Let s = -36 + 59. Suppose 4*m - 3 = -s, -3*n - m = -490. What is the tens digit of n?
6
What is the tens digit of ((-2)/4)/(3/(-174))?
2
Let n(w) = 50*w + 272. What is the units digit of n(28)?
2
Let d(t) = 69*t**2 + 5*t + 5. Let h(l) = -14*l**2 - l - 1. Let a(k) = -2*d(k) - 11*h(k). What is the tens digit of a(-4)?
5
Suppose 9*l - 4*l = 10. Let j(o) = o**2 + 3. What is the units digit of j(l)?
7
Suppose 3*w - 1618 = -331. What is the units digit of w?
9
Let j(n) = n**2 + 7*n - 10. Let v be j(-8). Let t = v - 9. Let k(o) = o**2 + 5*o - 6. What is the units digit of k(t)?
0
Let k(d) = 4*d + 356. What is the tens digit of k(0)?
5
Suppose -3*a - 39*v = -37*v - 2762, 3680 = 4*a + 4*v. What is the units digit of a?
2
Let c = 9 + -14. Let q = c + 11. Suppose -4*a + q = -10. What is the units digit of a?
4
Suppose 0 = 5*g + 4*n - 8805, -6*n = -2*n. What is the tens digit of g?
6
Let t(h) = -h**3 + 25*h**2 + 4*h - 12. Let n be t(25). Suppose 2*r - 44 = 2*d, 0 = 3*r + d + 18 - n. What is the units digit of r?
3
Let g(t) = t**2 - t. Let q(z) = -3*z**2 - 2*z - 1. Let v(p) = 2*g(p) - q(p). Let c be v(-1). Suppose -m + c = -8. What is the tens digit of m?
1
Let n be (8/24)/((-2)/6). Let u be -2 + (-178)/n + 4. Suppose -66 = -2*s - 2*z + 26, u = 4*s + 2*z. What is the tens digit of s?
4
Suppose 3*m + 54 = 9*m. Suppose 13*f = m*f + 476. What is the units digit of f?
9
Let i(o) = o**3 - 2*o**2 + o - 11. Let d be (-3 + 0 + 4)/(1/6). What is the tens digit of i(d)?
3
Let n(b) = -b**3 + 5*b**2 + 4. Let r be n(5). Suppose -13 = -5*z - r*v - 0*v, 12 = -4*v. Suppose 4*t - 13 = -z. What is the units digit of t?
2
Let x be (-7)/(63/(-6))*3. Let d be (-1 + 4/(-16))/(1/4). What is the tens digit of (x - 6 - -2)*d?
1
Let d = 618 + -355. What is the tens digit of d?
6
Suppose 3*m - 12 = 3. Suppose -22 + 17 = -m*q. What is the units digit of q?
1
Let f(w) = -w**3 - 32*w**2 + 15*w**2 + 21*w**2 - 3*w. Let z be f(3). Suppose r + z*r - 23 = 0. What is the tens digit of r?
2
Let i = 17 - 19. Let d = 15 - i. Suppose 0 = d*u - 15*u - 16. What is the units digit of u?
8
Let v(g) = g**3 + 10*g**2 - 10*g + 12. Let r be v(-11). Let l(x) = -1 + 2*x + 20*x**3 - x**3 - x**3. What is the tens digit of l(r)?
1
Let f(j) = -j**2 - 5*j + 4. Let a(i) = -7*i + 2. Let m be a(1). Let t be f(m). Suppose t*d - 20 = -2*v, 3 = -d + 2*d. What is the units digit of v?
4
Suppose -v = -k - 1761, 4*v + 855 = -3*k + 7906. What is the hundreds digit of v?
7
Suppose -3704 = 21*m - 17837. What is the units digit of m?
3
Let q(m) = -7*m**3 + m**2 + 3*m + 2. Let b be -4 + (3 - (-3 + -1)). Suppose -s - 11 = -b*r, -r - 1 + 12 = -4*s. What is the tens digit of q(s)?
5
Let t = -434 - -2589. What is the tens digit of (-2)/11 - t/(-55)?
3
Let t(n) = n**3 + 24*n**2 + 31*n + 45. What is the tens digit of t(-14)?
7
Let t(m) = m - 17. Let v be t(0). Let j = 5 + v. What is the units digit of (1/(-3))/(4/j)?
1
Let w = -20 + 22. Suppose 20 = 3*f + w*f. Suppose -5*a + 52 = -f*n - 93, 4*n - 20 = 0. What is the units digit of a?
3
Let c be 186/(-14) - (-8)/28. Let j(t) = t + 16. Let y be j(c). Let n(x) = 22*x - 1. What is the tens digit of n(y)?
6
What is the units digit of 5 - ((-3)/(-12) - (-2481)/(-4))?
5
What is the thousands digit of (-58124)/(-24) - (-5 - 140/(-24))?
2
What is the units digit of (-2484)/(-966)*(-4529)/(-3)?
2
Let z = -10 + 12. Suppose 5*t = 5*m + 15, 0 = -7*m + z*m - 2*t + 20. Suppose 2*g + 8 = 0, -g + 14 = 2*a + m*g. What is the tens digit of a?
1
Suppose -7*i = -3419 - 1264. What is the hundreds digit of i?
6
What is the units digit of (564/188)/((-6)/(-10448))?
4
Let h be (1 + -31)*6/(-10). Suppose 2*t + 0*t - h = 0. Suppose 2*b + t = -o, 4*b = -o + 3*b - 4. What is the units digit of o?
1
What is the hundreds digit of (535 + -55)*(-1)/(2/(-7))?
6
Suppose 5*l = l + 8. Suppose -5*o + k + 388 = 0, -2*o + 103 = l*k - 57. What is the tens digit of o?
7
What is the units digit of (9 - 7)/(2/2318)?
8
Suppose 5*t + 1 = -4. Let i(y) = -31*y + 1. Let s be i(t). Suppose 0 = 2*p - 2*d - 62, s - 121 = -3*p + 2*d. What is the tens digit of p?
2
Suppose -3 = -6*v + 3. Let c(f) = -f. Let p(m) = -m**2 - 2*m + 1. Let x(n) = v*p(n) + 5*c(n). What is the units digit of x(-4)?
3
Let l = 13 + -8. Suppose -l*q = -3*q - 32. Let n = q - 1. What is the tens digit of n?
1
Suppose -3071 = -2*k - 37*h + 32*h, 0 = -4*k - 2*h + 6134. What is the tens digit of k?
3
What is the tens digit of (-2)/((3*(-3)/30)/657)?
8
Let i(r) = r**3 + 5*r**2 - 7*r - 8. Let f be i(-6). Let m be 4/8 + f/4. Suppose m = 2*w - 16 - 64. What is the tens digit of w?
4
Suppose 0 = -37*s - 4*s + 135915. What is the hundreds digit of s?
3
Let s be 4/(-10) + (-66)/(-45)*3. Let v(g) = g + 12. What is the units digit of v(s)?
6
Let d(l) = l**2 + 4*l + 3. Let o be d(-2). Let m = 1 + o. Suppose -3*v + 19 + 41 = m. What is the tens digit of v?
2
Let s = -17 - -14. Let y(p) = -p**3 - 2*p**2 - 3. Let x be y(s). Let c = 0 + x. What is the units digit of c?
6
Suppose -1136 = -y + 4*p, 3*y - 3*p - 5731 = -2*y. What is the tens digit of y?
4
Suppose 284 + 64 = 3*s. Suppose w + l = -s, -3*l - 12 = -0*l. What is the tens digit of (6/(-4))/(12/w)?
1
Let p = -399 - -994. Let x = p + -404. What is the hundreds digit of x?
1
What is the hundreds digit of 14495/39 - 2/(-6)?
3
Let d(c) = -79*c**2 - 5*c - 2. Let y(a) = 316*a**2 + 21*a + 8. Let g(v) = -9*d(v) - 2*y(v). What is the units digit of g(-1)?
8
Suppose -4*x - 434 = -3*u, -u + 6*x - x = -163. What is the units digit of u?
8
Suppose -j + 4*p + 145 = 0, p - 81 = 2*j - 336. What is the units digit of j?
5
What is the units digit of 5/(-10)*-1262 + 1?
2
Let b = 33 + -16. Suppose -19*f + 360 = -b*f. What is the units digit of f?
0
Suppose -c + 16 = -6. Let v = -7 - -5. What is the units digit of c - 3*v/(-3)?
0
Let o be (4/(-3))/((-3)/126). Suppose 4*k + 2*s + o = -0*k, 5*s + 75 = -5*k. Let r = k - -31. What is the units digit of r?
8
Let y = 2 + 3. Suppose 3*r + 9 = 6, -2*r - 42 = -4*f. What is the units digit of ((-9)/y)/((-2)/f)?
9
Suppose 3 = -p + 1. What is the tens digit of (-386)/(-4) - (p + 15/6)?
9
Let l be (9/(-27))/(1/(-129)). Suppose -3*s + l = 13. Suppose -5*c + 3*m = -25, 0 = -5*m + 15 + s. What is the units digit of c?
8
Let h be (1 - (-2)/4)*112/84. Suppose 0 = -h*p + 2*r + 106, 2*r - 258 = p - 6*p. What is the units digit of p?
2
Suppose 3*m + 3*y = 858, -4*m + 5*y + 544 = -2*m. Suppose 13*g - 10*g - m = 0. What is the tens digit of g?
9
What is the hundreds digit of 676/(-4)*6/(-24)*8?
3
Let p(f) = 3*f + 4. Let z be 